= -g**3 + 6*g**2 + 9*g + 10. Let o be m(7). What is the highest common factor of l and o?
24
Suppose 0 = -3*c - f + 30, -c + 4*f + 48 = 38. Let d = 8 + -10. Let b be d/5 - 2814/(-35). Calculate the greatest common factor of c and b.
10
Let f(w) = w**2 - 14*w - 271. Let n be f(35). Calculate the highest common divisor of 144 and n.
16
Let g(p) be the third derivative of -p**6/60 - 7*p**5/15 + p**4/12 + 37*p**3/6 + 201*p**2. Let f be g(-14). What is the greatest common factor of 9 and f?
9
Let f = -406 - 137. Let a = -459 - f. What is the highest common divisor of 12 and a?
12
Suppose 5*k + 15 = 0, -3 = 3*v - 4*k - 12. Let q be -1 - (-2 - -10)*-2. Let r be (6/v)/(q/(-165)). What is the greatest common factor of 44 and r?
22
Let q be (-6)/5*(20/(-8))/((-30)/(-20)). Suppose 8 = t + t - l, 4*l + 8 = -4*t. What is the greatest common divisor of t and q?
2
Let r be (254 + -251)*(-2025)/(-3). Calculate the highest common divisor of r and 75.
75
Let j be -5*(1 + -3)*(35 - 3483/135). Let w = -13 - -82. Calculate the highest common factor of j and w.
23
Let z(v) = v**3 - 9*v**2 + 484*v - 5276. Let a be z(11). Calculate the greatest common divisor of a and 780.
10
Let h be ((168/(-9))/(-4))/((-6)/(-9)). Let b(m) = -4*m**3 - 5*m**2 + 29*m + 87. Let n be b(-3). What is the greatest common divisor of h and n?
7
Suppose 0 = 4*p - 5*s - 122, -17 = -5*p - s + 121. Let c be (-4 + -8)/(-2*6/8). Calculate the greatest common factor of p and c.
4
Let x(a) = 7*a**2 + 649*a + 1951. Let t be x(-3). What is the highest common divisor of 18425 and t?
67
Let r be (-4)/7 - (-1536)/42. Suppose 5*w - 4*i = -9*i + 115, 0 = 5*i + 20. Suppose 4*c + w = 7*c. Calculate the greatest common divisor of c and r.
9
Let b = -4001 + 4017. Calculate the greatest common divisor of b and 10632.
8
Let s = 11110 + -11050. Calculate the highest common factor of 430 and s.
10
Suppose -5*f = -20, -o - f + 3*f + 92 = 0. Suppose -1016 = -w + 288. Let j = -1284 + w. What is the greatest common factor of j and o?
20
Let h = 8645 - 7997. What is the greatest common factor of 81 and h?
81
Let r(h) = -370*h + 12. Let b be r(-3). What is the greatest common factor of 510 and b?
102
Let g = -7156 - -7261. What is the greatest common divisor of 294 and g?
21
Suppose 3*j = -17 + 38. Let w be ((-18)/4)/((j - 5)/(-8)). Let n be -2*4/(-8) + 5. What is the greatest common factor of w and n?
6
Let r be 0 + 8/(40/805). Let m be (4/14 - (-115)/r)*23. What is the highest common factor of m and 920?
23
Suppose 12*u = 17*u - 10. Suppose -3*z - f - 49 = 0, u*f = -3 + 1. Let k be (-6)/1*z/12. Calculate the highest common factor of 56 and k.
8
Let p = 11 - 8. Suppose p*c - 4*f - 288 = 0, 1 + 8 = 3*f. Calculate the highest common factor of 25 and c.
25
Let v be (26 + 6 + -30)*(40 + -2). Let d = 255 + 87. What is the highest common divisor of d and v?
38
Let v be ((-21)/(-63))/(1/54). Let b(t) = -15*t + 138. Let i be b(10). Let w = v + i. What is the greatest common factor of w and 8?
2
Let r be (5 + -2)/(4/(-2) - -1). Let i be (16/(-3))/(r*4/36). What is the greatest common divisor of i and 4?
4
Suppose -3*d = 7*l - 8*l + 1156, 35 = -5*d. What is the greatest common divisor of l and 10?
5
Let d(p) = -p**3 + 7*p**2 + 6*p - 21. Let n be d(5). Let y be -9*(-4)/12*1 + n. What is the highest common factor of y and 93?
31
Suppose -506*j = -498*j - 1520. What is the highest common factor of 2470 and j?
190
Suppose -5*a + 3*n + 789 = 0, 621 = -36*a + 40*a + n. What is the highest common divisor of 876 and a?
12
Suppose 4*r - 3*r = 10. Suppose 0 = 4*j, 0 = -3*o + 31*j - 26*j + 90. What is the greatest common factor of o and r?
10
Let f = -14606 + 25316. What is the greatest common divisor of f and 17?
17
Suppose 5*a - 190 = 650. Suppose -6*r = -662 + 230. What is the highest common factor of a and r?
24
Let g(f) = f**2 - 3*f + 6. Let c(i) = -i**2 - 4*i + 17. Let l be c(-6). Let s = l + 0. Let m be g(s). What is the greatest common divisor of m and 2?
2
Let n = 2317 + 38. Calculate the greatest common factor of n and 15.
15
Let x be (-3)/6 - (-44)/8. Suppose -4*b + i + 3 = -3, x*i - 18 = -4*b. Suppose -29 = -b*v + 43. Calculate the greatest common divisor of 9 and v.
9
Let h(w) = -2*w**2 - 14*w + 2. Let f be h(-7). Let j be (-334 + -2)*f/(-4). Suppose -9*z + j = -z. What is the greatest common divisor of 189 and z?
21
Suppose -611 = -8*r + 341. What is the greatest common factor of r and 136?
17
Suppose 12*b - 4*b - 90 = 7*b. Calculate the highest common divisor of b and 2880.
90
Let p(z) = -10*z - 48. Let b be p(-8). Suppose -22 + b = -d - 5*r, 0 = 3*r + 9. What is the highest common divisor of 20 and d?
5
Let y(z) = z**3 - z**2 - 4*z + 2. Let o be y(0). Suppose -3*g - 9 = -3*r + 15, 4*g - 59 = -3*r. What is the highest common factor of o and r?
1
Let n be 12/(-120) + (-591)/(-10). Suppose s - 136 = -n. Calculate the highest common divisor of s and 33.
11
Let s(k) = -21*k - 5. Suppose 0 = c + c + 10. Let y be s(c). Let i = -318170 - -318210. What is the greatest common factor of y and i?
20
Let v(g) = 554*g - 3867. Let x be v(7). What is the highest common divisor of x and 17567?
11
Suppose -3*p + 20 = p. Suppose -p*h = -2*b - 4 + 12, 3*b - 3*h - 3 = 0. Let n be 0 + (-24)/(-3) + b. Calculate the highest common divisor of n and 56.
7
Let u = -134 - -170. Suppose 19*z = 15*z + u. Calculate the highest common factor of z and 99.
9
Suppose 4*b - 94 = -3*q, -445*b + 2*q = -448*b + 71. What is the highest common divisor of b and 25?
25
Let j be (-86 - -2)*399/(-532). Suppose -3591 = -10*t + 7*t. Calculate the highest common divisor of t and j.
63
Let s(k) = 12*k - 101. Let v(y) = -36*y + 303. Let a(q) = -7*s(q) - 2*v(q). Let j be a(-7). Calculate the highest common factor of j and 74.
37
Let j = -310 - -313. Suppose -2*l + 814 = 5*z - 320, -5*z = -j*l + 1701. What is the highest common factor of l and 27?
27
Let h be (4*(-6)/9)/((-8)/12). Calculate the greatest common divisor of 89 and h.
1
Suppose -48*p + 10444 = 2*o - 49*p, 0 = -4*o - 3*p + 20928. What is the greatest common factor of 78 and o?
78
Suppose 186588 = 30*t - t + 44*t. Calculate the greatest common factor of 108 and t.
36
Let c(m) = -m**3 + 7*m**2 + 101*m + 11. Let t be c(16). Let k = 833 + t. What is the greatest common divisor of 208 and k?
52
Suppose -4*l - 5*t = -136, 2*l + 0*t = -2*t + 66. Let y = -4 + l. What is the greatest common factor of 225 and y?
25
Let w(j) be the first derivative of j**3/3 - 9*j**2/2 + 32*j + 37. Let l be w(5). Suppose 17*b = l*b + 15. What is the greatest common factor of 51 and b?
3
Let r = -231 + 244. Let o be 4 + 2 + 16/(-4). Suppose o*u = 2*x - 110, u = 2*x - 4*x + 101. Calculate the highest common divisor of r and x.
13
Let f(l) = -5*l - 50. Let u be f(-12). Let z be (-30)/(-40) - -2*u/16. Calculate the greatest common factor of z and 2.
2
Let f(l) = -5*l**2 + 89*l + 358. Let u be f(21). What is the highest common divisor of u and 9119?
11
Let l be (30 + 0/7)*(-32)/(-10). Calculate the greatest common factor of l and 560.
16
Suppose 2*s = -3*m + 756, -3*m = -4*s - 572 + 2066. Calculate the greatest common divisor of s and 6625.
125
Let n(g) = g**3 + 16*g**2 - 439*g - 47. Let r be n(-26). What is the greatest common divisor of 34 and r?
17
Suppose 4*j + j - 3*u - 294 = 0, -4*j - 5*u + 213 = 0. Suppose -g + 3368*t + 208 = 3371*t, g - 260 = t. What is the greatest common divisor of g and j?
19
Suppose -2*c = -3*r + 1449, -r + 3*c + 528 - 45 = 0. Calculate the highest common divisor of 77 and r.
7
Suppose a = 4*n - 2*a - 704, 4*a - 849 = -5*n. Let y = n - 104. Suppose -2*u = -y - 19. What is the highest common divisor of u and 110?
22
Suppose r - 7952 = -5*l + 3622, 2*r + l - 23085 = 0. What is the highest common factor of 11 and r?
11
Let j = -471 - -1801. Calculate the greatest common divisor of j and 19.
19
Let p = -176 + 126. Let f = 54 + p. Let c be ((-132)/(-55))/(f/30). What is the greatest common divisor of 18 and c?
18
Let l(j) = j**3 - 9*j**2 + 2*j - 12. Let i be l(9). Let y(q) = q**3 + 68*q**2 - 67*q + 144. Let u be y(-69). What is the highest common divisor of i and u?
6
Let n = 16702 + -16459. Let c = 4 + -1. Suppose -c*h = -2*d + 48, 4*d = -2*h + h + 110. What is the highest common factor of d and n?
27
Let q(m) = 4*m